4*z. Let a be ((-28)/n)/((-2)/60). Calculate the remainder when 60 is divided by (-61)/(-3) - (-16)/a.
18
Suppose -2*o - 356 = -5*g, 0*g + 3*g - 220 = -2*o. What is the remainder when g is divided by 6?
0
Suppose 4*f - 8*g + 1640 = -4*g, 5*f = 2*g - 2053. Calculate the remainder when f/(-21) + (-36)/(-84) is divided by 11.
9
Suppose 4*z + z + 31 = 3*s, 0 = 5*s + 3*z + 5. Suppose -2*i + k + 93 = 0, s*k - 182 = -4*i - 0*i. What is the remainder when i is divided by 12?
10
Let k = -1 + 2. Let t = 7 - 13. Calculate the remainder when 37 is divided by k + 9 - t/2.
11
Suppose -2*p + 61 = -67. Let d = -14 + 79. Suppose 22*x - 27*x = -d. What is the remainder when p is divided by x?
12
Let t = 17 + -4. Let r(c) = -c**2 - 8*c - 5. Let n be r(-7). Suppose 3*m - n*h - 69 = 2*h, 0 = -5*h. What is the remainder when m is divided by t?
10
Suppose -6*w = 3*w - 54. Calculate the remainder when 28 is divided by w.
4
Suppose -5*u = -d - 9*u + 63, 3*d + 4*u - 165 = 0. Calculate the remainder when 94 is divided by d.
43
Let g(h) = h**3 + 8*h**2 - 37*h - 59. What is the remainder when 184 is divided by g(-10)?
73
Suppose -5*r - 3*c = -0*c - 70, -59 = -2*r + 5*c. Calculate the remainder when 84 is divided by r.
16
Let p(g) = -g**3 - 4*g**2 - 3*g - 1. Suppose 0*y + y = 2*z + 8, -4*z - 16 = 4*y. Calculate the remainder when 54 is divided by p(z).
10
Calculate the remainder when (-472)/6*39/(-52) is divided by 31.
28
Let m(f) be the first derivative of -f**2/2 + 24*f - 3. What is the remainder when 19 is divided by m(13)?
8
Calculate the remainder when (3/(-3) - 14)*(-14)/5 is divided by 65/7 - (-4)/(-14).
6
Calculate the remainder when 362 is divided by (-3 - (-55)/25)*-65.
50
What is the remainder when 154 is divided by (12/(-5))/(0 - 17/595)?
70
Suppose 9*f - 6*f = 90. Calculate the remainder when 75 is divided by f.
15
Let d be 12/1*(-6)/(-4). Let i = 31 - d. What is the remainder when 1/(-5) + (-362)/(-10) is divided by i?
10
Let k(t) = 3*t**2 + 2. Let b(r) = r - 6. Let j be b(6). Suppose j = -3*g - 11 + 2. Calculate the remainder when k(g) is divided by 16.
13
Let k(h) = 2*h + 29. Let t be k(-16). Calculate the remainder when 11 is divided by t/4*(-180)/27.
1
Let a = 668 - 609. What is the remainder when a is divided by 12?
11
Let u be ((-10)/4)/((-1)/(-4)). Let s = u + 18. Suppose -8*i + 4*i + 16 = 0, 5*y + 2*i - 163 = 0. What is the remainder when y is divided by s?
7
Let n = 2 + 3. Suppose -n*y = -0*y - 80. Let v = y - 8. What is the remainder when v is divided by 3?
2
Let r(j) = -4*j - 31. Suppose 0 = 2*n + 3*n + 4*s + 50, 3*s = 5*n + 50. What is the remainder when r(n) is divided by 11/4 - (-5)/20?
0
Suppose 9*o = 12*o - 1113. What is the remainder when o is divided by 31?
30
Suppose -2*x + 4*x + 8 = 0. Let w be (3 + x)*(-1 + -2). Suppose -3*s + w*b + b = -109, 3*s - 5*b = 107. What is the remainder when s is divided by 14?
11
Suppose 3*a + 47 = j, 6*a = 4*j + 3*a - 143. Let t(l) = -3*l**2 - 23*l + 3. Calculate the remainder when j is divided by t(-7).
15
Suppose 0 = 32*n - 36*n + 40. Suppose g = n - 6. Calculate the remainder when 19 is divided by g.
3
Suppose -2*s - 5*s = 0. Suppose -7*r - 2 + 30 = s. What is the remainder when 14 is divided by r?
2
Suppose 220 = 3*b + 2*w, 286 - 60 = 3*b + 5*w. Suppose 0 = -2*q - 4*x - 108, 5*q = 5*x + 3 - 198. Let o = b + q. What is the remainder when 83 is divided by o?
27
Suppose 0 = -2*c - 7*p + 2*p + 12, 0 = 2*p. Let t = 33 + -30. Suppose 3*i - i + 5*d - 47 = 0, -5*i = t*d - 70. Calculate the remainder when i is divided by c.
5
Suppose 4*n = y + 19, -2*n - 3*n - 5*y = -5. Suppose -n*l + 104 = -4*o, 111 = 5*l + 2*o - 40. What is the remainder when l is divided by 8?
5
Let a = -1023 - -1032. Let b(o) = -o**2 - 10*o - 7. Suppose 2*q + 0*q = -12. What is the remainder when b(q) is divided by a?
8
Let t(r) = -7*r + 99. Calculate the remainder when 226 is divided by t(6).
55
Let g = 345 + -334. Calculate the remainder when 25 is divided by g.
3
Suppose -3*w = 2*r - 78, -5*r + 3*r + w = -86. Suppose r = -4*s + 5*s. What is the remainder when s is divided by 2/(-4) + (-434)/(-28)?
12
Suppose 4*f + 57 - 197 = 0. Suppose -2*m - 4*c + 30 = 0, -2*m + 55 + 11 = -5*c. Let l = -4 + m. What is the remainder when f is divided by l?
16
Let b(k) be the first derivative of 6 + 1/3*k**3 + 0*k + 9/2*k**2. What is the remainder when 39 is divided by b(-10)?
9
Let p = 54 - 49. Suppose 5*o = 5*m - 90, -o - 2*o + 66 = p*m. Calculate the remainder when 67 is divided by m.
7
Suppose 87 = 5*v - 28. What is the remainder when v is divided by (-584)/(-32) + -17 + (-62)/(-8)?
5
Let m(k) = k**2 - 36*k + 328. Calculate the remainder when 51 is divided by m(23).
22
Suppose -670 = -4*u + x, 306 = 5*u + 2*x - 525. What is the remainder when u is divided by 48?
23
Let v = 26 - 16. Suppose -h - 20 = -57. Calculate the remainder when h is divided by v.
7
Suppose -5*u = -2*t + 23, 0 = -t - 4*u + 21 - 3. Let q be 545/3 + 12/9. Suppose q - 53 = 5*c. Calculate the remainder when c is divided by t.
12
Let c = 24 + -70. Let j = -30 - c. Let x(n) = 46*n**2 - n. Calculate the remainder when x(1) is divided by j.
13
Suppose 3*b - 5*j - 120 = -j, 147 = 3*b + 5*j. Suppose 0 = -4*p + b. Let t = 43 + -24. What is the remainder when t is divided by p?
8
Calculate the remainder when (-546)/(-8) + (-6)/24 is divided by 37 + -17 + (3 - (1 - 1)).
22
Suppose -16 + 8 = a - 3*c, 0 = -5*a + 5*c. Suppose -2*n + 90 = 2*z + 2*n, -4*n - 156 = -a*z. What is the remainder when z is divided by 11?
8
Let y = -397 + 1371. What is the remainder when y is divided by 15?
14
Let d(y) = -y**2 + 8*y + 20. Let x = -32 + 41. What is the remainder when 63/2 + 1/(-2) is divided by d(x)?
9
Let o(j) = -j**3 + 9*j**2 - 9*j + 6. Let x = -33 - -58. Let y = x + -18. Calculate the remainder when o(y) is divided by 14.
13
Suppose -2*w + q + 131 = 3*w, -w + q + 23 = 0. What is the remainder when 1 + -9 + 444/(-2 - -4) is divided by w?
25
Suppose 0 = 4*j - 21 - 3. Suppose 3*a - a - 5*z = -8, 3*a + 3*z - 30 = 0. Let d(h) = 5*h - 10. What is the remainder when d(a) is divided by j?
2
Let f = 1518 + -1440. What is the remainder when 311 is divided by f?
77
Suppose 4*h = 9*h - 85. Calculate the remainder when 33 is divided by h.
16
Let g be (0 - 0) + 5/(-5). Let h be ((-123)/g + 1)/2. Suppose -s - h = -2*s. What is the remainder when s is divided by 16?
14
Let r = 6 - 3. Suppose 5*t = r*z + 357, -2*t + 3*t - 73 = z. What is the remainder when t is divided by 36?
33
Let m(p) = -17*p - 98. What is the remainder when m(-12) is divided by 38?
30
Calculate the remainder when (-13)/1*-6 - (-10 - -12) is divided by 16.
12
Suppose -4*y + 92 = -2*o - 0*o, y = -5*o + 1. What is the remainder when ((-1)/(-2))/((-3)/(-744)) is divided by y?
19
Suppose 4*v + w + 128 - 30 = 0, 0 = 2*w + 4. Let k be v*(-1 - 3/(-2)). What is the remainder when 10 is divided by 3 - 0*(-3)/k?
1
Let j(r) = -28*r + 2691. Let t = 3 - 1. What is the remainder when j(96) is divided by t?
1
Suppose -8 + 0 = -g. Calculate the remainder when ((-150)/9)/(g/(-12)) is divided by (-53)/(-4) + (-9)/36.
12
Suppose 0 = 11*d - 15*d + 680. What is the remainder when 61 is divided by 1/(-4) + d/8?
19
Suppose 21*s + 430 - 556 = 0. What is the remainder when 82 is divided by s?
4
Let j(f) = 3*f**2 - 3*f + 1. What is the remainder when j(2) is divided by (0 - 24/20)*20/(-6)?
3
Let n be -3 + 3*(-4)/3. Let x(w) be the first derivative of w**4/4 + 8*w**3/3 + 3*w**2/2 - 9*w + 1. Calculate the remainder when 36 is divided by x(n).
17
Let s(u) = u**3 - 8*u + 15. Calculate the remainder when 177 is divided by s(3).
15
Let x(k) = -k**3 + 15*k**2 - 22*k - 27. Calculate the remainder when x(13) is divided by 14.
11
Let k = -185 + 246. Calculate the remainder when 61 is divided by k.
0
Let k(a) = -a**2 - 30*a - 31. What is the remainder when k(-18) is divided by 65?
55
Suppose 0 = t - 1 - 2. Suppose t*q - 127 = -5*x, 9 = -x + 5*q + 40. What is the remainder when x is divided by -2 - -5 - 4*-1?
5
Suppose -n = -6*n + 400. Calculate the remainder when n is divided by 49.
31
Suppose 5*s = -14*v + 12*v + 49, -2*v - 23 = -3*s. What is the remainder when 70 is divided by s?
7
Calculate the remainder when 92 is divided by 38*((-2)/10)/((-32)/80).
16
Let z(r) = -r - 3. Calculate